site number?
False
Is 58747402261 a composite number?
False
Is 15360911857 composite?
False
Is 103612160933 a composite number?
False
Is 110713033 prime?
False
Is 160414939 composite?
False
Is 43912263691 a composite number?
False
Is 10136312257 a composite number?
False
Is 20264905357 prime?
False
Is 8589252809 prime?
False
Is 502259063 prime?
True
Is 29187483569 a prime number?
True
Is 2504343223 composite?
True
Is 189336149 a prime number?
True
Is 341233411 composite?
False
Is 413545277 prime?
True
Is 461818477 a composite number?
False
Is 7429471769 prime?
True
Is 142292642 a composite number?
True
Is 5634856727 composite?
False
Is 5061107031 composite?
True
Is 459636253 prime?
True
Is 7315309543 a composite number?
True
Is 77523937 composite?
True
Is 26379011173 composite?
True
Is 848078573 a prime number?
True
Is 45449044007 a prime number?
True
Is 76798982411 prime?
True
Is 6361956365 prime?
False
Is 1251276763 composite?
True
Is 23704299221 a prime number?
False
Is 4358028163 a prime number?
True
Is 3692436051 a composite number?
True
Is 3574842223 a prime number?
False
Is 271820573 a composite number?
True
Is 2152877887 prime?
False
Is 8639823281 a prime number?
False
Is 36895300301 a composite number?
False
Is 1157288921 a prime number?
True
Is 4579100839 prime?
True
Is 27108608291 prime?
True
Is 41431279643 composite?
True
Is 3585865483 prime?
True
Is 522966677 a prime number?
True
Is 22650974309 a composite number?
False
Is 5281169189 a prime number?
True
Is 2647967261 prime?
False
Is 38831042483 a composite number?
False
Is 166942114021 composite?
False
Is 458929391 composite?
True
Is 3039994183 a composite number?
False
Is 902964169 composite?
True
Is 62730907061 composite?
False
Is 421167373 prime?
False
Is 13917873937 a composite number?
True
Is 255091550183 a composite number?
False
Is 150455378999 prime?
True
Is 3717359377 a prime number?
False
Is 8160635509 composite?
True
Is 6272655617 prime?
True
Is 13652429911 a composite number?
True
Is 612988691 a composite number?
True
Is 9079966789 a composite number?
False
Is 5799654599 a prime number?
False
Is 654826357 a composite number?
False
Is 6089789749 composite?
True
Is 3836832889 a composite number?
True
Is 5004833 a prime number?
False
Is 1123549738 a prime number?
False
Is 1270454831 a prime number?
True
Is 501552518 composite?
True
Is 440615437 a composite number?
False
Is 9547268567 prime?
False
Is 460261429 prime?
True
Is 31407487 composite?
True
Is 1209837599 composite?
False
Is 2131325351 a composite number?
False
Is 6883044859 a prime number?
False
Is 1388407571 prime?
False
Is 98312623231 prime?
False
Is 190070656891 a composite number?
False
Is 58592151799 prime?
True
Is 5276820113 composite?
False
Is 617993131 a prime number?
False
Is 21837589871 prime?
True
Is 21348154339 prime?
True
Is 268495499 prime?
True
Is 13126352539 a prime number?
True
Is 784414903 composite?
True
Is 1631560231 a prime number?
False
Is 5315017501 composite?
False
Is 87628265377 prime?
True
Is 230579353 composite?
False
Is 1958395553 prime?
True
Is 113331529 a composite number?
False
Is 314646629 composite?
True
Is 102885537 a composite number?
True
Is 15520262911 a prime number?
False
Is 130769904277 prime?
True
Is 3090975059 composite?
False
Is 1401825343 prime?
True
Is 1552303861 composite?
True
Is 316256137 composite?
True
Is 98907527755 prime?
False
Is 34279195359 a composite number?
True
Is 11879831567 a prime number?
False
Is 7756601731 a prime number?
True
Is 8493756283 a prime number?
True
Is 11193128707 composite?
True
Is 246549463 a composite number?
True
Is 5806407913 a prime number?
True
Is 23603720507 composite?
False
Is 2245491149 a prime number?
False
Is 1133468891 composite?
True
Is 38748241207 a composite number?
True
Is 1406788013 a composite number?
True
Is 1070371217 a prime number?
False
Is 245690544709 a prime number?
False
Is 3908632009 composite?
False
Is 4176986389 a prime number?
True
Is 91856001359 a prime number?
True
Is 5736415253 composite?
True
Is 3610222795 composite?
True
Is 5373512647 prime?
True
Is 2949744179 a prime number?
False
Is 67286371 prime?
False
Is 806537959 a composite number?
True
Is 61467212809 a composite number?
False
Is 1055033737 prime?
True
Is 20689041839 a prime number?
False
Is 8976143815 a prime number?
False
Is 1634184811 a composite number?
True
Is 209626678 prime?
False
Is 37083925371 composite?
True
Is 4594352383 composite?
False
Is 344212931 composite?
False
Is 643615339 a prime number?
True
Is 342411571 a prime number?
True
Is 2175641051 composite?
False
Is 3096273493 a composite number?
True
Is 9660408301 a composite number?
False
Is 782620957 a prime number?
True
Is 43182285457 a composite number?
True
Is 2783716162 composite?
True
Is 70000199117 composite?
False
Is 843533657 a prime number?
True
Is 29215562291 a composite number?
False
Is 32097387653 prime?
True
Is 8553267823 a prime number?
False
Is 397319231 a prime number?
True
Is 445898509 a composite number?
True
Is 23800356903 a composite number?
True
Is 281922989 prime?
True
Is 315701231 a composite number?
True
Is 1788233665 prime?
False
Is 171894521 a composite number?
True
Is 2936265061 composite?
True
Is 36097004923 a prime number?
False
Is 42986589467 prime?
True
Is 4730425363 a prime number?
True
Is 227428299337 a prime number?
True
Is 17187358883 a composite number?
False
Is 42431633711 prime?
True
Is 9170613289 prime?
False
Is 4881915869 a composite number?
False
Is 50038070059 prime?
False
Is 45940077061 composite?
False
Is 42893172503 a composite number?
False
Is 135755579 prime?
True
Is 11608289803 a prime number?
False
Is 2788955501 a composite number?
True
Is 3947237081 composite?
True
Is 1180908473 prime?
True
Is 56049881779 prime?
False
Is 8760730453 prime?
False
Is 5567455781 a prime number?
True
Is 143403893233 a composite number?
False
Is 3197927319 composite?
True
Is 4831664455 prime?
False
Is 9561061453 composite?
True
Is 3868939363 a composite number?
False
Is 8748056813 composite?
False
Is 25125957037 composite?
True
Is 6579246313 a composite number?
True
Is 421961045707 prime?
False
Is 3722247447 a prime number?
False
Is 117620333 a prime number?
True
Is 9974551529 composite?
True
Is 349620001 prime?
True
Is 41303003177 a prime number?
False
Is 22280861227 a prime number?
True
Is 91236655669 composite?
False
Is 133108261613 a prime number?
False
Is 138933656417 a composite number?
False
Is 42703568839 a prime number?
True
Is 6108502243 a prime number?
False
Is 10235836241 composite?
False
Is 3576687071 a composite number?
False
Is 38374366337 composite?
False
Is 8786194763 prime?
False
Is 10022518229 a prime number?
False
Is 132197381 prime?
True
Is 4222883849 composite?
False
Is 102439913 composite?
False
Is 1452893263 a prime number?
False
Is 1222458845 prime?
False
Is 4189826339 a prime number?
True
Is 120722723449 composite?
True
Is 494775787 a prime number?
False
Is 226176461 prime?
False
Is 279565331 composite?
True
Is 3503341547 a prime number?
True
Is 1033905421 a prime number?
True
Is 3618910679 composite?
True
Is 64632256697 composite?
False
Is 13627364117 composite?
False
Is 316646929 composite?
False
Is 2806797869 composite?
True
Is 532934107 composite?
False
Is 26696945203 a prime number?
False
Is 10812866239 composite?
True
Is 15487262113 composite?
False
Is 208565389 a prime number?
False
Is 4570510271 prime?
False
Is 2189127513 a composite number?
True
Is 764165213 composite?
True
Is 6396412717 composite?
False
Is 4928680907 a composite number?
False
Is 2894090851 composite?
True
Is 279241973 prime?
True
Is 96552013 a composite number?
False
Is 75796133 a composite number?
True
Is 6929585317 composite?
True
Is 9897180974 prime?
False
Is 2683592533 a prime number?
True
Is 919160221 composite?
True
Is 3732216017 a prime number?
False
Is 14904966623 prime?
False
Is 46853357 a composite number?
True
Is 87915044291 prime?
True
Is 707318477 a prime number?
True
Is 20358706793 a composite number?
True
Is 1015756421 a composite number?
False
Is 15984187753 a composite number?
False
Is 54948359291 composite?
True
Is 1892876149 a prime number?
False
Is 15417260263 composite?
False
Is 66843611 a prime number?
False
Is 7364412493 prime